(1).
19
Let i(v) = -v**3 - v**2 + 3*v - 2. What is i(-3)?
7
Let q(k) = 12*k - 6. Calculate q(-1).
-18
Let v(i) = -i**3 + 16*i**2 + 2*i - 31. Give v(16).
1
Let r(c) = -c**3 - 2*c**2 + c + 3. What is r(3)?
-39
Let u(h) = -h**2 + h - 1. What is u(-2)?
-7
Let s(v) = -v + 54. Determine s(56).
-2
Let z(f) = f**2 + 2*f - 16. Give z(4).
8
Let l(z) = 12*z**2 - 1. Calculate l(1).
11
Let v(h) = -2*h**2 + h + 1. Calculate v(2).
-5
Let m(n) = -2*n - 50. Determine m(-10).
-30
Let d(h) = h**3 - 14*h**2 - 15*h - 9. Determine d(15).
-9
Let k(x) = -x**3 - 9*x**2 - 6*x + 7. Calculate k(-8).
-9
Let x(b) = 9*b**2 + 34*b - 14. What is x(-4)?
-6
Let c(u) = 2*u**3 + 2*u**2 - 14*u - 5. What is c(-3)?
1
Let n(x) = 28*x - 10. Determine n(3).
74
Let w(a) = -a**2 - 23*a - 61. What is w(-20)?
-1
Let w(d) = -6*d**2 - 18*d - 6. What is w(-4)?
-30
Let v(m) = -2*m**2 + m - 7. What is v(2)?
-13
Let l(x) = -8*x - 2. Give l(1).
-10
Let j(f) = f**3 + 2*f**2 - 4*f + 3. Give j(-4).
-13
Let k(p) = -p**2 + 5*p - 3. Calculate k(8).
-27
Let s(v) = 30*v + 1468. Calculate s(-49).
-2
Let c(y) = -y**2 - 92*y - 9. Calculate c(0).
-9
Let s(n) = 4*n**2 + 22*n + 3. Calculate s(-2).
-25
Let p(a) = -a**3 - 9*a**2 - 7*a - 12. Give p(-8).
-20
Let w(p) = 23*p - 37. Calculate w(2).
9
Let o(z) = -12*z + 1. Give o(1).
-11
Let z(t) = 2*t - 10. Give z(7).
4
Let b(g) = -g**3 + 2*g**2 + 7*g - 2. Give b(5).
-42
Let z(n) = n + 4. Give z(-5).
-1
Let g(h) = -2*h**2 - 13*h + 9. What is g(-9)?
-36
Let b(w) = -3*w**3 + w**2 - 2. Calculate b(-1).
2
Let c(v) = -3*v**3 + 2*v**2 - 3*v + 2. Calculate c(2).
-20
Let j(v) = -v - 23. Give j(-24).
1
Let h(l) = l**2 - 15*l + 54. Calculate h(9).
0
Let l(i) = -i**2 - 8*i - 12. What is l(-5)?
3
Let f(j) = -50*j + 9. Give f(0).
9
Let v(n) = 3*n**3 + 16*n**2 + 4*n + 5. What is v(-5)?
10
Let c(r) = -7*r**2 - r + 1. Determine c(1).
-7
Let b(j) = j - 4. Give b(-15).
-19
Let u(l) = 5*l + 2. Calculate u(-12).
-58
Let f(a) = -a + 10. What is f(6)?
4
Let n(u) = 2*u**2 - 6. Give n(-7).
92
Let w(v) = v**2 + 45*v + 40. Calculate w(-44).
-4
Let x(u) = -u**3 - 4*u**2 - 3*u - 2. Calculate x(-4).
10
Let r(f) = 3*f**3 + f**2 - f + 2. What is r(-2)?
-16
Let l(h) = -h**3 + 3*h**2 + 1. Calculate l(3).
1
Let f(w) = 38*w**2 - 4*w - 2. Determine f(-1).
40
Let i(x) = -x + 27. Calculate i(22).
5
Let l(p) = -2*p**2 + 3*p - 4. What is l(3)?
-13
Let u(z) = z**2 - 23*z - 22. Calculate u(24).
2
Let d(a) = -4*a + 19. Calculate d(-9).
55
Let r(h) = 4*h**2 - 4*h + 4. What is r(3)?
28
Let y(w) = w**2 + 7. What is y(0)?
7
Let u(y) = 36*y + 310. What is u(-8)?
22
Let c(v) = -3*v - 2. What is c(-7)?
19
Let f(c) = 2*c**2 + 3*c. What is f(3)?
27
Let f(r) = r**2 - 10*r - 13. Give f(11).
-2
Let p(r) = -r**3 - 6*r**2 - r + 3. Calculate p(-6).
9
Let w(t) = t**3 + 4*t**2 - 8*t + 7. Give w(2).
15
Let c(n) = n**3 + 6*n**2 + 5*n + 2. What is c(-5)?
2
Let l(n) = -n**3 + 10*n**2 - 28*n + 9. Determine l(5).
-6
Let c(t) = 4*t + 21. What is c(-11)?
-23
Let k(l) = 5*l**3 + l**2 + l + 1. Give k(-1).
-4
Let n(k) = 4*k. Calculate n(1).
4
Let b(f) = -f**3 - 6*f**2 - 9*f + 4. Give b(-4).
8
Let o(m) = m**3 + 13*m**2 + 15*m + 190. Give o(-13).
-5
Let q(l) = 8*l - 24. Determine q(2).
-8
Let l(c) = c**3 - 20*c**2 + 19*c - 9. What is l(19)?
-9
Let s(y) = -3*y**3 - 22*y**2 - 6*y. Give s(-7).
-7
Let m(b) = b**3 + 15*b**2 + 16*b - 7. Give m(-14).
-35
Let d(w) = 4*w**3 + 5*w**2 + 4. Calculate d(-2).
-8
Let n(p) = -p**2 - 16*p - 9. Determine n(-17).
-26
Let t(o) = o**3 + 9*o**2 + 5*o + 4. What is t(-6)?
82
Let j(s) = s**3 - 10*s**2 + 3*s + 13. Give j(9).
-41
Let t(k) = k**3 + 2*k**2 + 4*k + 6. Determine t(-4).
-42
Let a(r) = -r**3 + r**2 + 6*r + 2. What is a(-2)?
2
Let g(u) = u**3 + 11*u**2 + 10*u + 2. What is g(-10)?
2
Let q(o) = 13*o**2 + 132*o - 4. Determine q(-10).
-24
Let o(n) = -n**2 + 6*n + 8. Calculate o(7).
1
Let v(m) = 3*m**3 - m**2 - m - 4. Determine v(-2).
-30
Let r(n) = -n**3 + 6*n**2 - n - 25. Give r(5).
-5
Let r(g) = 5*g**2 - 3*g - 3. What is r(-1)?
5
Let d(r) = -4*r + 31. What is d(3)?
19
Let p(k) = -k**3 - 18*k**2 - k - 17. Give p(-18).
1
Let g(m) = -10*m + 1. Determine g(-1).
11
Let s(j) = -2*j - 55. Give s(-33).
11
Let v(j) = -j**3 - 23*j**2 - 109*j + 53. Give v(-16).
5
Let i(y) = -y + 22. What is i(23)?
-1
Let s(j) = j**3 + 15*j**2 + 54*j + 2. Give s(-6).
2
Let z(g) = -5*g - 37. Determine z(-9).
8
Let y(v) = -36*v - 1. Calculate y(2).
-73
Let s(u) = -u**3 + 8*u**2 - 15*u + 7. Determine s(6).
-11
Let y(n) = n**2 - 7*n + 5. What is y(3)?
-7
Let x(g) = g**3 - 3*g**2 - 10*g - 4. Calculate x(5).
-4
Let v(k) = -2*k**2 - 18*k - 31. What is v(-8)?
-15
Let y(u) = -3*u**3 - 3*u**2 - 5*u - 5. What is y(-2)?
17
Let x(a) = -11*a - 48. Calculate x(-8).
40
Let n(m) = -2*m**2 + 8*m - 7. Give n(5).
-17
Let l(f) = 6*f**2 - 104*f + 18. Give l(17).
-16
Let h(z) = -z**3 - 10*z**2 - 10*z + 5. Determine h(-9).
14
Let q(z) = z**3 + 8*z**2 - z - 16. Give q(-8).
-8
Let s(l) = -2*l**3 + 2*l**2 + l. Calculate s(3).
-33
Let t(s) = -s**3 - 8*s**2 - 7*s + 3. Calculate t(-5).
-37
Let n(m) = m**2 + 17*m + 29. Give n(-15).
-1
Let q(z) = -z**3 + 29*z**2 - 30*z + 40. What is q(28)?
-16
Let g(c) = c**2 - 10*c - 9. Give g(9).
-18
Let z(b) = -b**3 - 4*b**2 + b. Give z(-4).
-4
Let b(a) = 2*a + 41. Calculate b(-25).
-9
Let y(b) = b**3 + 17*b**2 + 24*b - 20. Give y(-15).
70
Let z(o) = 9*o - 240. Give z(28).
12
Let b(q) = q**2 + 7. Give b(-16).
263
Let g(q) = 15*q**2 - q + 2. Give g(-2).
64
Let o(r) = r**2 + 15*r + 56. Give o(-7).
0
Let v(z) = -30*z - 210. Determine v(-7).
0
Let v(o) = o + 13. Calculate v(-15).
-2
Let v(u) = u**2 + 55*u - 220. Calculate v(-59).
16
Let p(s) = 2*s**2 - 6*s + 5. Determine p(3).
5
Let c(q) = 2*q**3 - 2*q**2 - q - 1. Determine c(3).
32
Let b(d) = d**3 + 14*d**2 + 9*d - 9. Determine b(-13).
43
Let d(c) = 19*c - 97. What is d(5)?
-2
Let z(o) = -o + 13. What is z(14)?
-1
Let y(g) = 37*g - 3. Give y(1).
34
Let m(r) = 6*r**3 + r**2 - 3*r + 2. What is m(1)?
6
Let p(u) = -85*u - 1. Calculate p(-1).
84
Let t(j) = j**2 + 2*j + 2. Calculate t(-3).
5
Let f(o) = o**2 + 3*o - 2. Calculate f(-6).
16
Let n(r) = 3*r**2 - 41*r + 31. Determine n(13).
5
Let j(x) = -x**2 + 8*x + 74. Calculate j(-7).
-31
Let u(w) = -w**2 + 8*w - 9. Determine u(8).
-9
Let s(l) = -8*l - 310. Calculate s(-38).
-6
Let n(j) = j**2 - 7*j + 12. Give n(8).
20
Let q(k) = -k**2 + 25*k + 19. Calculate q(26).
-7
Let b(r) = -r - 12. Calculate b(-2).
-10
Let q(d) = -4*d**2 + 35*d + 124. What is q(-3)?
-17
Let b(h) = 25*h + 222. Calculate b(-9).
-3
Let n(g) = -2*g**3 + 60*g**2 - 59*g + 32. Give n(29).
3
Let p(n) = 2*n**3 - 4*n**2 - 3*n + 5. Determine p(3).
14
Let q(h) = 18*h + 133. Determine q(-8).
-11
Let q(l) = 2*l**3 - 17*l**2 - 8*l - 9. What is q(9)?
0
Let g(i) = 32*i - 569. Calculate g(18).
7
Let m(g) = g**3 - 4*g**2 + 5*g - 3. Give m(1).
-1
Let h(u) = -u**2 - 18. Give h(15).
-243
Let i(z) = 15*z + 1006. Give i(-67).
1
Let a(v) = 2*v**3 + 6*v**2 - 2*v - 4. Determine a(-5).
-94
Let p(x) = -x**3 - 6*x**2 - 3*x + 5. Determine p(-4).
-15
Let q(r) = r**3 + 4*r**2 - 10. Give q(-4).
-10
Let b(x) = 14*x**2 + 2*x + 2. Give b(2).
62
Let t(n) = -n**3 - 5*n**2 + n - 2. Determine t(-5).
-7
Let q(k) = -2*k**2 - 12*k - 7. Calculate q(-5).
3
Let h(r) = 2*r. Determine h(2).
4
Let x(c) = 71*c + 705. Give x(-10).
-5
Let f(h) = -3*h**2 + 6*h + 7. Calculate f(6).
-65
Let s(d) = -d**3 - 5*d**2 - 3*d - 1. Determine s(-4).
-5
Let d(l) = 11*l + 244. What is d(-25)?
-31
Let f(z) = -z**3 - 2*z**2 + z + 3. Calculate f(-3).
9
Let n(q) = q**2 + 4*q - 1. Determine n(-4).
-1
Let g(f) = -54*f + 2. What is g(-1)?
56
Let n(b) = -21*b - 156. Give n(-7).
-9
Let b(c) = c**2 + 5*c - 4. Calculate b(3).
20
Let a(c) = -24*c**2 + 3*c - 2. What is a(1)?
-23
Let m(g) = 8*g - 51. What is m(6)?
-3
Let l(s) = -s**2 - 31*s - 238. Give l(-18).
-4
Let w(r) = -r**2 + r - 1. What is w(4)?
-13
Let k(p) = -p**3 - 6*p**2 - 3*p + 6. Calculate k(-5).
-4
Let b(u) = 24*u - 168. Determine b(5).
-48
Let d(i) = i - 11. What is d(7)?
-4
Let c(r) = -4*r - 20. Calculate c(-8).
12
Let d(o) = -o**3 + 3*o**2 + 11*o - 12. Give d(5).
-7
Let i(k) = -k**3 - 5*k**2 + 37*k + 8. Determine i(-9).
-1
Let u(s) = -s**3 - 10*s**2 + 8*s + 19. Calculate u(-11).
52
Let x(d) = 2*d + 10. What is x(-13)?
-16
Let m(w) = w**2 - 5*w - 2. Calculate m(5).
-2
Let k(v) = 